*f**2 - 4*f + 1. Let h be s(2). Suppose 28*x - 291 = h*x. What is the units digit of x?
7
Let i(t) = -t**2 - 5*t + 15. Let p be i(-4). Let s(x) = 3*x - 69. Let u(q) = -q + 35. Let y(h) = 4*s(h) + 9*u(h). What is the tens digit of y(p)?
9
Suppose -4*j - 27 - 9 = 0. Let f = j + 10. What is the hundreds digit of ((4 - f)/3)/(4/920)?
2
Let g = 107 - 110. Let v(w) = -355*w - 25. What is the thousands digit of v(g)?
1
What is the units digit of 13959/78 - (-66)/1716?
9
Let d = -62 - -68. Let j be -401 + (16/24 - 4/d). Let w = j + 569. What is the hundreds digit of w?
1
Let v(l) = l**3 - 12*l**2 + 10*l - 15. What is the thousands digit of v(33)?
3
Suppose -4*a + 0*n + 34120 = n, 0 = 4*a - 5*n - 34120. Suppose 68*w = 78*w - a. What is the tens digit of w?
5
Let l be ((-1)/(-1))/((-26)/676). Let n(x) = -93*x**3 - 2*x**2 + x. Let c be n(1). Let r = l - c. What is the units digit of r?
8
Suppose -90043 = 71*q - 538550. What is the units digit of q?
7
Let v = -107 - -111. What is the tens digit of (-273)/(-6) - (-6)/v?
4
Suppose -79 = -5*g - u, 2*u = 3*u - 4. Let z be ((-9)/g - (-123)/(-45))*-60. Suppose 5*o + 4*s = 499, -o = -3*o - 2*s + z. What is the units digit of o?
9
Suppose 67136 = 4*c + 24*b - 22*b, -12 = 2*b. What is the thousands digit of c?
6
Let l be (18/1296*18)/(1/(-8)). Let t(z) be the third derivative of -z**6/60 - z**5/15 - z**4/24 + z**3/2 + z**2. What is the units digit of t(l)?
5
Suppose 2*n = 5 + 19. Suppose -9*m = -n*m + 900. What is the tens digit of m?
0
Suppose -6*k = 5*k. Let b be 7388/14 + 6/21. Suppose k*o + b = 4*o. What is the units digit of o?
2
Let u = -101 + 98. What is the units digit of -4 - u/((-18)/(-5160))?
6
Let n(x) = -319*x**2 - 25 - 32 + 324*x**2 + 8*x. What is the units digit of n(8)?
7
Let a(y) = -2*y**3 - 4*y**2 + 5*y + 4. Let m be a(-14). Suppose -12373 + m = -13*i. What is the tens digit of i?
9
Let r(w) = -78 + 35 - 18*w**2 - 17*w + w**3 + 2*w. What is the tens digit of r(20)?
5
Suppose -x + 12 = x. Suppose 4*o + 1729 = -n + x*n, 4*n - 1379 = -o. Suppose -23*i = -18*i - n. What is the units digit of i?
9
Suppose 0 = -24*y - 18*y + 420. Suppose -3*z + 4*u = -1986, -5*z = y*u - 5*u - 3310. What is the hundreds digit of z?
6
Let u(s) = -4*s - 62. Let x be u(-20). Suppose n = -2*f - 3*n + x, -5*f - 4*n = -33. Suppose -f*r + 756 = 176. What is the hundreds digit of r?
1
Let i(s) = s**3 - 10*s**2 + 9*s - 4. Let r(z) = -5*z - 36. Let t be r(-9). Let f be i(t). What is the tens digit of -4 - (-140 + 2 + 2) - f?
3
What is the thousands digit of (626/(-2))/((-5)/(8740/19))?
8
Suppose 49*o - 821989 = 15*o + 698763. What is the ten thousands digit of o?
4
Let i = 11853 + -5815. What is the thousands digit of i?
6
Suppose -8*v - 3*u = -114905, -95*u = -5*v - 97*u + 71815. What is the hundreds digit of v?
3
Suppose 15*f - 17*f + 11*l = -24521, 0 = 4*f - 5*l - 49025. What is the tens digit of f?
5
Let p = -24050 - -49028. What is the thousands digit of p?
4
Let j(z) = 822*z**2 + 9*z - 76. What is the tens digit of j(5)?
1
Suppose -37*h = -25 - 49. What is the hundreds digit of (-42)/(4 + h)*(-435)/5?
6
Let q be ((-1 - 2) + 1)/(-1). Let j be 56*-3*(-8)/48. Suppose -q*h = -h - j. What is the tens digit of h?
2
Suppose 3*s + 2*q = 25, -4*q = 3*s - 21 - 14. Let j be 0*(16/144)/(1/3). Suppose 5 = 5*n - 2*k - j*k, 0 = 5*n + s*k - 40. What is the units digit of n?
3
Suppose 1 + 7 = 4*v. Let l be (v/(-3))/((-2)/12). Suppose 193 = 2*s + 3*p, p + l*p + 331 = 4*s. What is the tens digit of s?
8
Suppose 6*l = 27 - 9. Let h(b) = 141*b - 33. What is the units digit of h(l)?
0
Suppose 4907 = -6*j + 13*j. Let y = -472 + j. What is the units digit of y?
9
Let m = 240 - 276. Suppose 5*l + 518 = -2*t, -5*t - 146 - 57 = 2*l. Let u = m - l. What is the tens digit of u?
6
What is the tens digit of (315/6 + 2)/((-10)/(-80))?
3
Suppose -3*g = -3*m - 106986, 904*m - 900*m + 20 = 0. What is the units digit of g?
7
Let w = 5998 + 759. What is the hundreds digit of w?
7
Suppose 4*a - 131 - 169 = 0. Let d be (-50)/a + (-94)/(-6). Let u = d - -250. What is the tens digit of u?
6
Let b = 1049 + 7104. What is the units digit of b?
3
What is the units digit of ((-48426)/(-18))/((11/(-3))/(-11))?
1
Suppose -s + 2 = -9. Let v be 1/(72/90 + s/(-20)). Suppose -124 = -3*w + v*x + 210, 5*w + 4*x - 546 = 0. What is the tens digit of w?
1
Let c = -275 + 261. Let r(t) = -38*t - 27. What is the tens digit of r(c)?
0
Suppose 8*u = -31 + 7. Let p be 2/u*(-45)/6. Suppose p*v = 5*m - 375, 3*v + 360 = 5*m - 19. What is the units digit of m?
7
What is the tens digit of (-1 + 63019)*(174/9)/29?
1
Suppose 41*o + 53928 = 44*o - 6*p, -3*p - 71924 = -4*o. What is the units digit of o?
4
Let l be (-3066)/(-63) - ((-7)/3 - -2). Let s = l + 136. What is the hundreds digit of s?
1
Let b(d) = 1452*d**2 - 43*d + 50. What is the ten thousands digit of b(3)?
1
Let p(g) = -g + 3. Let t be p(-13). Suppose f - t = -3*f. Suppose -530 = -f*x - 142. What is the units digit of x?
7
Suppose -t + r = -10, 7*t = 2*t + 2*r + 38. Let h(u) = 7*u**2 + 7*u - 3. Let y be h(t). Suppose 19 = 5*d - y. What is the tens digit of d?
6
Suppose 5*f - k = 830, 5*k + 830 = 5*f - 0*k. What is the units digit of f?
6
Let i = -245 - -1954. Suppose -193 - i = -3*z. What is the hundreds digit of z?
6
Let y(c) be the second derivative of 21*c**5/10 + c**4/3 - c**3 - 5*c**2/2 - 18*c - 2. What is the hundreds digit of y(3)?
1
Suppose 5*h - 3160 = -5*s, 4*h + 3905 = 4*s + 1409. Suppose j + 4*j = -3*t + 3104, 0 = j + 3*t - s. What is the hundreds digit of j?
6
Suppose 0 = -4645*g + 4631*g + 42938. What is the thousands digit of g?
3
Let t be (462/3)/(5 - (-1329)/(-267)). Suppose 31*h = 11344 + t. What is the tens digit of h?
8
Suppose 3*n = m + 49, 4*n - 3*m - 29 = 43. Suppose n*o - 13*o = 146. What is the tens digit of o?
7
Suppose a = 6*a. Suppose 2*n + a*n - 410 = 0. Let v = -78 + n. What is the tens digit of v?
2
Suppose 1985 = -3*i + 5*c, -2642 = 4*i - 4*c + 2*c. Let u = -19753 - -19735. What is the units digit of ((u/5)/(-3))/((-8)/i)?
9
Let n(h) = -22*h**2 - 2731*h + 190. What is the units digit of n(-87)?
9
What is the tens digit of (74/(-4))/(38/(-836))?
0
Let v = -32 + 380. Let l = v - -95. What is the hundreds digit of l?
4
Let g(v) = v**3 + 3*v**2 + v - 1. Let c be g(-3). Let q(s) = -2*s + 77. Let l be q(-7). Let f = l + c. What is the units digit of f?
7
Let t(s) be the second derivative of 13*s**6/720 + 7*s**5/60 - s**4/6 - 14*s. Let i(n) be the third derivative of t(n). What is the hundreds digit of i(7)?
1
Let k be (0/1)/(-7 + 42/7). Suppose -6*h + 6 + 30 = k. Suppose 33 = h*r - 27. What is the units digit of r?
0
Let o be (-2)/5 - (-6855)/75. Let h = 263 - o. Suppose -158 = -3*u + h. What is the hundreds digit of u?
1
Let w(m) = 40*m - 64. Let u be 3*(-50)/4*(-32)/120. What is the hundreds digit of w(u)?
3
Let b be 4 + (6 + -5 - -46). Let v be (-6)/(-4) - (-303)/2. Suppose b*p = 54*p - v. What is the units digit of p?
1
Suppose 4 = 4*o, -29*h - 35302 = -32*h - o. What is the hundreds digit of h?
7
Let o = -15 - -18. Suppose -59 = -5*w - m, -2*m + m - 29 = -o*w. Suppose 218 - w = 3*x. What is the tens digit of x?
6
Let b(d) = d**2 + 21*d + 60. Let l be b(-17). What is the units digit of l/(-40) - 1308/(-10)?
1
Let w(u) be the third derivative of -u**6/15 - u**5/15 - 3*u**4/4 - 23*u**3/3 - 114*u**2 + 1. What is the tens digit of w(-3)?
8
Let b be 2 + (-5)/((-35)/91). Suppose d + 8904 = b*d. What is the hundreds digit of d?
6
What is the hundreds digit of 303093/68 + (-2)/8?
4
Let n = -175 - -199. Suppose -n*m + 13001 = -9799. What is the tens digit of m?
5
Let r = 388 + 291. Let f = r - -233. What is the tens digit of f?
1
Let v = 50 + -48. Suppose 2*f + p = -v*p + 53, 0 = f - 2*p - 16. Suppose f*c = 19*c + 402. What is the hundreds digit of c?
1
Suppose r = -3*r + 2*r. Let x(o) = o**2 + o + 1718. What is the units digit of x(r)?
8
What is the thousands digit of 40218 - (-33 + 24 + 8)?
0
Suppose -6*m + 5*p = -8*m + 3329, m - p - 1647 = 0. Suppose 33*r + c = 38*r - 2072, -4*r + m = 2*c. What is the hundreds digit of r?
4
Let c = -10870 - -16001. What is the thousands digit of c?
5
Suppose -5*m - 524 = 26. Let r = m - -117. Suppose -2*l + b = -r, 0 = 5*l - b - 3 - 10. What is the units digit of l?
2
L